mmon divisor of 9 and 983.
1
Calculate the greatest common factor of 70 and 200.
10
What is the highest common factor of 33 and 123?
3
Calculate the highest common divisor of 10 and 820.
10
What is the highest common divisor of 4986 and 54?
18
What is the highest common divisor of 8 and 60?
4
What is the greatest common factor of 416 and 3296?
32
Calculate the greatest common factor of 2465 and 2210.
85
What is the highest common factor of 6 and 45?
3
What is the highest common divisor of 264 and 48?
24
What is the highest common factor of 110 and 374?
22
Calculate the highest common divisor of 18 and 1611.
9
What is the greatest common factor of 125 and 125?
125
What is the greatest common factor of 712 and 979?
89
Calculate the highest common divisor of 10 and 290.
10
Calculate the greatest common divisor of 74 and 6.
2
Calculate the greatest common divisor of 136 and 4.
4
Calculate the greatest common factor of 32 and 34784.
32
What is the greatest common factor of 18 and 81?
9
What is the highest common divisor of 32 and 72?
8
Calculate the greatest common factor of 25672 and 8.
8
What is the highest common factor of 10 and 3890?
10
Calculate the highest common factor of 104 and 8372.
52
Calculate the highest common factor of 180 and 660.
60
Calculate the highest common factor of 168 and 1484.
28
Calculate the greatest common divisor of 11 and 16379.
11
Calculate the highest common factor of 8 and 8664.
8
What is the greatest common factor of 324 and 567?
81
Calculate the highest common factor of 485 and 582.
97
What is the greatest common factor of 11 and 80311?
11
Calculate the highest common divisor of 1645 and 560.
35
Calculate the highest common divisor of 40 and 1390.
10
What is the highest common divisor of 12 and 1356?
12
What is the highest common factor of 7 and 3?
1
Calculate the greatest common factor of 3720 and 6.
6
What is the greatest common factor of 4182 and 102?
102
What is the highest common divisor of 2144 and 268?
268
Calculate the greatest common factor of 1174 and 2.
2
What is the greatest common factor of 5858 and 116?
58
Calculate the highest common factor of 8047 and 104.
13
Calculate the highest common divisor of 143 and 33.
11
What is the greatest common factor of 56 and 4844?
28
What is the highest common factor of 160 and 360?
40
What is the greatest common factor of 192 and 1644?
12
What is the greatest common divisor of 2022 and 36?
6
What is the highest common factor of 159 and 2491?
53
What is the highest common factor of 396 and 44?
44
Calculate the greatest common divisor of 1387 and 73.
73
Calculate the greatest common factor of 181 and 1.
1
Calculate the greatest common factor of 420 and 336.
84
What is the highest common factor of 2205 and 1008?
63
Calculate the highest common divisor of 309 and 1133.
103
What is the highest common factor of 156 and 24?
12
What is the highest common divisor of 122274 and 18?
18
Calculate the greatest common factor of 2413 and 19.
19
Calculate the greatest common divisor of 100 and 8.
4
What is the highest common factor of 18 and 450?
18
Calculate the highest common factor of 1125 and 45.
45
What is the greatest common divisor of 43610 and 210?
70
What is the greatest common divisor of 1722 and 5904?
246
Calculate the highest common divisor of 22 and 341.
11
What is the greatest common factor of 1133 and 4841?
103
What is the greatest common divisor of 30 and 15?
15
What is the greatest common divisor of 2329 and 17?
17
What is the highest common divisor of 1615 and 133?
19
What is the highest common divisor of 1729 and 57?
19
Calculate the greatest common divisor of 6 and 447.
3
Calculate the highest common factor of 1581 and 255.
51
What is the highest common divisor of 342 and 570?
114
What is the highest common divisor of 8386 and 42?
14
What is the highest common factor of 546 and 28?
14
What is the highest common divisor of 4 and 14?
2
What is the greatest common factor of 2727 and 707?
101
Calculate the highest common factor of 1850 and 29230.
370
What is the greatest common factor of 364 and 644?
28
What is the greatest common divisor of 141 and 3?
3
What is the greatest common divisor of 62 and 4?
2
Calculate the greatest common divisor of 204 and 2210.
34
What is the greatest common factor of 9956 and 38?
38
What is the greatest common divisor of 1136 and 400?
16
Calculate the greatest common divisor of 50 and 4425.
25
What is the greatest common factor of 363 and 99?
33
Calculate the greatest common divisor of 71 and 1349.
71
What is the greatest common factor of 18550 and 50?
50
Calculate the greatest common divisor of 26 and 1638.
26
Calculate the highest common divisor of 160 and 180.
20
Calculate the greatest common divisor of 666 and 2146.
74
Calculate the highest common factor of 16 and 3696.
16
What is the highest common divisor of 308 and 12?
4
Calculate the highest common divisor of 475 and 2425.
25
Calculate the highest common factor of 4500 and 25.
25
What is the greatest common factor of 15 and 12385?
5
What is the greatest common divisor of 60 and 1060?
20
What is the greatest common factor of 1687 and 14?
7
What is the greatest common divisor of 2300 and 1700?
100
What is the greatest common divisor of 464 and 400?
16
Calculate the greatest common divisor of 27 and 33885.
27
Calculate the greatest common divisor of 27 and 3.
3
Calculate the greatest common divisor of 1112 and 11954.
278
What is the highest common factor of 74 and 1036?
74
What is the greatest common divisor of 2573 and 83?
83
Calculate the highest common factor of 138 and 851.
23
Calculate the greatest common divisor of 26 and 1092.
26
What is the greatest common divisor of 42 and 18?
6
What is the highest common divisor of 21 and 2457?
21
Calculate the greatest common factor of 34 and 1054.
34
What is the greatest common divisor of 135 and 10?
5
What is the highest common divisor of 28 and 33964?
28
What is the greatest common divisor of 126 and 672?
42
What is the greatest common factor of 8 and 100?
4
Calculate the highest common divisor of 10 and 470.
10
Calculate the greatest common divisor of 75 and 1725.
75
What is the greatest common divisor of 352 and 88?
88
What is the highest common divisor of 5320 and 38?
38
What is the highest common divisor of 100 and 575?
25
What is the highest common factor of 22 and 4829?
11
Calculate the greatest common factor of 13 and 611.
13
What is the highest common divisor of 405 and 3483?
81
What is the highest common divisor of 37 and 46546?
37
Calculate the greatest common factor of 360 and 420.
60
What is the greatest common factor of 525 and 84?
21
Calculate the greatest common factor of 155 and 31.
31
What is the greatest common divisor of 452 and 2486?
226
What is the highest common divisor of 4753 and 388?
97
What is the highest common factor of 116 and 12?
4
What is the greatest common factor of 12 and 246?
6
What is the highest common divisor of 170 and 102?
34
What is the highest common factor of 1517 and 592?
37
Calculate the highest common factor of 32 and 536.
8
What is the highest common divisor of 336 and 357?
21
What is the highest common factor of 294 and 6?
6
What is the greatest common factor of 18 and 78?
6
What is the greatest common divisor of 5 and 685?
5
Calculate the greatest common divisor of 44 and 28.
4
What is the highest common factor of 3162 and 744?
186
What is the greatest common divisor of 1210 and 440?
110
Calculate the highest common divisor of 19 and 266.
19
Calculate the greatest common divisor of 175 and 280.
35
What is the greatest common divisor of 42 and 5124?
42
What is the greatest common divisor of 4560 and 510?
30
What is the highest common divisor of 81 and 8055?
9
What is the highest common divisor of 1068 and 24?
12
Calculate the highest common divisor of 36 and 24372.
36
What is the greatest common divisor of 1066 and 123?
41
Calculate the greatest common divisor of 19124 and 28.
28
Calculate the highest common factor of 572 and 880.
44
Calculate the greatest common factor of 63 and 28.
7
Calculate the highest common divisor of 126 and 1176.
42
What is the greatest common divisor of 8028 and 18?
18
Calculate the greatest common factor of 7869 and 172.
43
What is the highest common 